hat is i(-10)?
-21
Let u(y) = -y**2 - 3*y + 10. Determine u(4).
-18
Let l(t) = -7*t + 6. What is l(12)?
-78
Let g(i) = 41*i + 206. Give g(-5).
1
Let d(c) = -2*c**3 + 2*c**2 + 4*c. Calculate d(3).
-24
Let y(c) = -9*c + 1. Determine y(2).
-17
Let f(t) = 2*t - 13. Calculate f(10).
7
Let q(k) = -k**3 - 8*k**2 - 8*k + 1. Calculate q(-7).
8
Let l(g) = g**2 + 7*g - 6. What is l(-6)?
-12
Let g(u) = -u**2 - 21*u - 5. What is g(-21)?
-5
Let h(g) = -g**3 + 7*g**2 + 4*g - 23. Give h(7).
5
Let y(j) = -13*j + 2. Determine y(-1).
15
Let q(u) = -35*u - 40. Determine q(-3).
65
Let a(z) = 6*z + 1. Determine a(-1).
-5
Let f(w) = 2*w**3 - 13*w**2 + 28*w - 135. Determine f(6).
-3
Let x(r) = r - 36. Determine x(0).
-36
Let c(v) = -v**3 + 5*v**2 + 3*v + 16. What is c(6)?
-2
Let y(p) = -p**3 - 16*p**2 - 27*p + 12. Determine y(-14).
-2
Let g(n) = n - 13. Determine g(5).
-8
Let m(l) = l**3 - 3*l**2 - 36*l + 10. What is m(8)?
42
Let l(u) = u + 2. What is l(13)?
15
Let h(b) = -5*b - 54. What is h(-5)?
-29
Let c(x) = -x**2 + 2*x + 29. Give c(6).
5
Let t(k) = -9*k + 40. What is t(6)?
-14
Let m(t) = -2*t**3 + 18*t**2 - 20*t + 19. Calculate m(8).
-13
Let h(s) = s**3 + 2*s**2 - 3*s - 4. Determine h(-3).
-4
Let o(b) = -b**3 + 4*b**2 - b + 5. Give o(4).
1
Let v(l) = l - 57. Determine v(-6).
-63
Let k(n) = n**2 + 27*n + 108. What is k(-23)?
16
Let t(o) = -o**2 + 20. What is t(5)?
-5
Let i(b) = b**3 - 19*b**2 + 50*b - 27. Calculate i(16).
5
Let y(u) = -12*u + 43. What is y(4)?
-5
Let l(p) = 10*p - 209. Give l(21).
1
Let i(s) = 2*s**2 - 27. What is i(6)?
45
Let m(s) = 2*s**2 + s + 1. What is m(2)?
11
Let d(b) = 5*b**2 - 18*b - 57. What is d(-3)?
42
Let o(s) = -s**3 - 25*s**2 - 25*s + 35. Give o(-24).
59
Let k(m) = m**2 + 12*m + 35. Calculate k(-5).
0
Let y(m) = -m**2 - 5*m + 14. Give y(5).
-36
Let f(d) = d**3 + 13*d**2 + 11*d - 10. What is f(-12)?
2
Let t(i) = i**2 - 25*i - 3. Calculate t(25).
-3
Let q(z) = -100*z - 404. Calculate q(-4).
-4
Let s(r) = -r**3 - 11*r**2 - 12*r - 141. Determine s(-11).
-9
Let q(f) = -5*f - 3. Give q(-1).
2
Let c(l) = 10*l + 31. Give c(-3).
1
Let c(o) = o**3 - 14*o**2 - 14*o - 13. What is c(15)?
2
Let a(j) = -4*j**2 - 3*j - 4. What is a(-3)?
-31
Let n(r) = -r - 16. Give n(-7).
-9
Let c(g) = g**2 + 4*g + 6. Give c(-5).
11
Let m(c) = c**3 - 17*c**2 + 15*c + 11. Calculate m(16).
-5
Let p(u) = 3*u**3 - 5*u**2 + 9*u - 13. What is p(4)?
135
Let d(j) = -j**3 - 27*j**2 - 5*j - 126. Determine d(-27).
9
Let a(w) = -w**2 - 35*w - 86. Give a(-32).
10
Let j(g) = -g**3 + 6*g**2 - 11. Determine j(5).
14
Let n(g) = -g**2 - 18*g + 22. Give n(-9).
103
Let v(o) = -2*o + 10. What is v(0)?
10
Let r(y) = -2*y**3 - 21*y**2 + 10*y - 5. What is r(-11)?
6
Let a(r) = -r**3 + 7*r**2 - 4*r - 1. What is a(8)?
-97
Let i(u) = u + 18. What is i(-4)?
14
Let k(a) = -a**3 - 22*a**2 - 21*a + 1. Calculate k(-21).
1
Let r(s) = 23*s + 95. Calculate r(-4).
3
Let l(f) = -f**2 - 8*f - 13. Give l(-6).
-1
Let o(m) = -16*m**3 - m**2 + m + 1. Calculate o(-1).
15
Let o(c) = 2*c - 33. Calculate o(0).
-33
Let t(x) = 24*x**3 + x**2. Determine t(1).
25
Let w(m) = 70*m - 1055. What is w(15)?
-5
Let v(k) = k**3 + 3*k**2 - 30*k - 9. Give v(-7).
5
Let a(k) = -k**3 - 4*k**2 + 8*k + 4. Give a(-6).
28
Let j(y) = 2*y**3 - 5*y**2 - 6*y - 3. Calculate j(-2).
-27
Let u(b) = -b**2 + 13*b - 9. Give u(10).
21
Let c(q) = -q**3 - 13*q**2 - 6*q + 19. Give c(-13).
97
Let a(o) = o**3 + o**2 - 2*o - 7. Calculate a(0).
-7
Let d(r) = r - 14. Give d(8).
-6
Let p(b) = 3*b + 34. Give p(7).
55
Let s(i) = 3*i + 1. Give s(7).
22
Let i(o) = -2*o - 1. What is i(-1)?
1
Let p(a) = -5*a + 292. What is p(53)?
27
Let w(z) = z**3 - 10*z**2 - 8*z + 57. Calculate w(9).
-96
Let t(a) = -a + 26. Calculate t(15).
11
Let q(r) = -r**2 + 5*r - 3. Determine q(10).
-53
Let c(m) = m**3 + m**2 + 4. What is c(-3)?
-14
Let y(m) = 2*m**2 + 22*m - 8. What is y(-13)?
44
Let k(v) = v - 24. What is k(10)?
-14
Let u(y) = 8*y + 44. Calculate u(-12).
-52
Let b(s) = -2*s**2 + 3. Give b(4).
-29
Let u(f) = -f**3 + 6*f**2 - 11*f + 68. What is u(6)?
2
Let w(j) = -12*j - 92. Give w(-12).
52
Let a(z) = -18*z - 150. Determine a(-8).
-6
Let i(j) = j**2 + 13*j - 4. Determine i(-9).
-40
Let l(j) = j**3 - 3*j**2 + 3*j - 6. Determine l(3).
3
Let w(g) = -g - 7. What is w(-6)?
-1
Let r(m) = 2*m**3 - 27*m**2 - 45*m + 3. Determine r(15).
3
Let c(t) = 4*t - 17. Calculate c(7).
11
Let r(c) = -c**2 - 7*c + 6. Determine r(-7).
6
Let w(q) = -q**3 + q**2 + q + 4. Calculate w(0).
4
Let i(t) = -t**3 - 11*t**2 - 12*t - 4. Give i(-9).
-58
Let c(y) = 2*y - 23. Determine c(15).
7
Let d(l) = 73*l + 7. Calculate d(0).
7
Let h(u) = -5*u + 49. Determine h(14).
-21
Let r(b) = -2*b**2 + 25*b + 24. Calculate r(19).
-223
Let v(b) = b**2 + 2*b - 6. Determine v(-7).
29
Let a(z) = -5*z**2 - 14*z - 3. Give a(-6).
-99
Let j(c) = c**2 + c + 18. What is j(-9)?
90
Let x(w) = -w**2 + w - 1. Give x(0).
-1
Let o(a) = a**2 + 10*a - 11. Give o(-7).
-32
Let k(g) = -g - 19. What is k(-13)?
-6
Let g(f) = -9*f - 3. Calculate g(-1).
6
Let i(g) = g**2 - 17*g + 18. Calculate i(19).
56
Let q(y) = y**2 - 5. Calculate q(3).
4
Let m(v) = -7*v - 1. Calculate m(-1).
6
Let q(d) = 2*d**3 - 9*d**2 + 4*d + 2. Calculate q(4).
2
Let i(w) = w**2 - 24*w - 98. Give i(-4).
14
Let s(o) = 2*o**3 - 15*o**2 + 5*o + 13. Determine s(7).
-1
Let y(i) = -i**3 + 5*i + 2. Give y(4).
-42
Let k(j) = -8*j - 24. What is k(-2)?
-8
Let z(m) = m**3 - 22*m**2 + 24*m - 52. What is z(21)?
11
Let i(d) = -d**2 - 11*d - 36. Calculate i(-7).
-8
Let p(f) = f**2 + 14*f - 21. Give p(-16).
11
Let z(b) = b**3 - 3*b**2 - 2*b + 1. What is z(3)?
-5
Let k(p) = 7*p**3 - 2*p**2 - 6*p - 3. Calculate k(-2).
-55
Let w(j) = j**2 + 5*j - 3. What is w(-5)?
-3
Let q(h) = h**3 + 6*h**2 - 6*h - 11. Give q(-5).
44
Let o(r) = 5*r**2 + 2*r + 3. What is o(-5)?
118
Let p(w) = -w**3 - 7*w**2 - 8*w + 18. Calculate p(-5).
8
Let h(b) = -47*b + 853. Determine h(18).
7
Let k(h) = -3*h + 12. What is k(5)?
-3
Let j(n) = n**3 + 10*n**2 + 17*n + 3. Give j(-3).
15
Let s(z) = -z**2 - 20*z - 25. Give s(-19).
-6
Let n(f) = -f - 14. Give n(-16).
2
Let w(u) = -u**3 - 4*u**2 + 2*u + 10. Calculate w(-4).
2
Let m(l) = -11*l - 166. What is m(-15)?
-1
Let m(o) = o**2 + 41*o + 114. Determine m(-3).
0
Let o(g) = -g**3 + 2*g**2 + 2*g + 1. Give o(-2).
13
Let a(j) = -j**3 + 9*j**2 - 3*j - 7. Give a(9).
-34
Let q(m) = -m**3 + 9*m**2 - 10*m + 12. What is q(7)?
40
Let l(v) = v**3 + 41*v**2 + 113*v - 27. Calculate l(-38).
11
Let h(j) = 14*j - 17. Calculate h(1).
-3
Let a(u) = 14*u**2 - 3*u + 3. Calculate a(1).
14
Let w(v) = 2*v. Give w(-5).
-10
Let q(z) = -z**3 + 6*z**2 - 8*z + 2. Give q(3).
5
Let z(t) = -t**2 - 9*t - 13. Give z(-9).
-13
Let y(f) = 15*f + 1. What is y(1)?
16
Let k(d) = d**2 + 2*d - 28. What is k(-7)?
7
Let f(t) = -10*t - 11. Give f(-7).
59
Let d(s) = -22*s. Calculate d(1).
-22
Let z(w) = 2*w**2 - 30*w + 34. Calculate z(11).
-54
Let u(c) = c**3 + 23*c**2 + 2*c + 2. Give u(0).
2
Let s(z) = 7*z**2 + 6*z + 9. Calculate s(-2).
25
Let t(x) = -x**2 - 11*x + 5. Give t(-10).
15
Let l(h) = h**3 - 8*h**2 + h + 10. What is l(8)?
18
Let n(o) = -o**3 + 7*o**2 - o + 11. Determine n(7).
4
Let b(k) = k**3 + 12*k**2 - 13*k + 5. Determine b(-13).
5
Let a(i) = -i**2 + 12*i + 38. Determine a(15).
-7
Let i(l) = -4*l**2 - 4*l + 1. Give i(-3).
-23
Let b(q) = q**2 - 13*q + 4. Calculate b(13).
4
Let f(u) = 2*u**2 - 3*u - 2. What is f(3)?
7
Let i(l) = l**3 + 12*l**2 - 12*l + 10. Calculate i(-13).
-3
Let k(r) = -3*r**2 + r + 3. What is k(-6)?
-111
Let v(l) = 3*l + 8. Give v(-5).
-7
Let u(x) = -x**2 - 12*x - 63. What is u(-6)?
-27
Let i(h) = -h**2 - 7*h + 89. Calculate i(6).
11
Let x(a) = -19*a - 8. Determine x(-1).
11
Let k(u) = 7*u - 182. What is k(31)?
35
Let k(r) = -18*r**3 - r**2 - 2*r - 2. Determine k(-1).
17
Let r(z) = -z + 3. Give r(-1).
4
Let p(r) = r**2 + 9*r - 12. Determine p(-11).
10
Let x(h) = -h**3 - 3*h**2 - 2*h - 9. Determine x(-4).
15
Let z(c) = c**2 - 5*c - 16. Determine z(7).
-2
Let l(p) = -p**3 + 8*p**2 - 7*p - 11. Give l(7).
-11
Let t(z) = z**2 + 5*z - 13. What is t(-5)?
-13
Let o(p) = -7*p - 3. Calculate o(-8).
53
Let c(d) = d**3 + 6*d**2 + 3*d - 3. Give c(-4).
17
Let w(j) = -j**3 - 9*j**2 + 9*j - 13. What is w(-10)?
-3
Let x(d) = -d**3 - 12*d**2 - 11*d - 15. Determine x(-10).
-105
Let k(a) = 2*a